0)?
4
Let o(s) be the first derivative of -s**4/4 - 5*s**3/3 + 9*s**2/2 + 5*s - 110293. Let r = -14 - -8. What is o(r)?
-13
Let m(b) be the second derivative of b**4/4 + 5*b**3/3 - 3*b**2 - b + 1298. Determine m(-8).
106
Let f(t) be the second derivative of t**5/20 - 3*t**4/4 + 11*t**3/6 + 5*t**2/2 - 2746*t. Give f(6).
-37
Let h(k) = -k**3 - 7*k**2 - 5*k - 7. Let s be 7/(-21) + (452/6 - 3). Let n = 66 - s. Give h(n).
-13
Let t(w) = 67*w + 1708. Let o(r) = 27*r + 675. Let g(x) = 13*o(x) - 5*t(x). What is g(-15)?
-5
Suppose 6*y - 54 = -0*y. Let x(t) = -8 + 10 - 8*t + y*t. Let v be 2*(-4)/8*-3. Calculate x(v).
5
Let j(u) = 0*u**2 + 41*u**3 - 2*u**2 + 1669 - 833 - 835. Calculate j(1).
40
Suppose -7*l + 40 = l. Let i be (2 + 8/(-4))/l. Let f(t) = t**3 + t - 9. What is f(i)?
-9
Let l(k) be the second derivative of -k**6/360 - 3*k**5/40 - 13*k**4/24 + 10*k**3 - k + 37. Let f(y) be the second derivative of l(y). Determine f(-8).
-5
Suppose 20 = -3*r + 8*r. Let w(h) be the third derivative of 5*h**4/24 - h**3 - 2*h**2 - 8*h - 83. Give w(r).
14
Let c(s) = 4*s - 13. Let x be (-17)/(-4) - 196/168*9/42. What is c(x)?
3
Let y(f) = 69*f**2 + 15 - f**3 + 16*f - 15*f**2 - 38*f**2. Let h be y(17). Let g(l) = 4*l**2 + l - 2. What is g(h)?
12
Let k(q) be the third derivative of 0*q - 6*q**2 - 1/2*q**4 + 11 - 2/15*q**5 + 1/120*q**6 + 3*q**3. What is k(9)?
-9
Let m(d) = d**2 - 9*d + 10. Let c be 4/(-6)*(-396)/33. Calculate m(c).
2
Let x(h) = -h**2 + h + 1. Let t(r) = -r**3 - 9*r**2 + 11*r + 7. Let i(v) = -t(v) + 4*x(v). Let g(c) = 9428*c - 113142. Let s be g(12). Determine i(s).
3
Suppose 5*p - 38 = 3*z, -3*p + 3*z = -18 - 6. Let v(u) = u + 8 + p + 1 + 3 - 11. What is v(-6)?
2
Let t(n) = 43*n**2 - 4*n - 19 - 17 - 22 - 4 + 60. Calculate t(-1).
45
Suppose -150*v + 136 = -321*v + 154*v. Let s(m) be the second derivative of 3/2*m**3 + 0 + 2*m + 1/12*m**4 + 5*m**2. Determine s(v).
2
Let w(i) = 59 + 30 + 4*i - 10*i - 3*i. Let l be w(10). Let g(t) = 3*t**3 - t. Give g(l).
-2
Let u(y) be the third derivative of y**6/120 + y**5/6 + 7*y**4/12 + 10*y**3/3 - 1707*y**2. Give u(-8).
36
Let t(g) be the third derivative of -1/15*g**5 + 0 - 1/8*g**4 - 1/6*g**3 + 53*g**2 + 0*g. Give t(-2).
-11
Let w(a) = -a**3 + 2*a**2 + 18*a + 34. Let l be w(5). Let q(j) be the third derivative of 0 - 1/24*j**4 + 0*j + l*j**2 + 1/3*j**3. Determine q(1).
1
Let d(u) = -u**2 - 242*u - 9731. Let a be d(-51). Let y(g) be the third derivative of -g**5/60 + 5*g**4/12 + 3*g**3/2 + 3*g**2. Give y(a).
9
Let i(k) = 3*k - 2*k + 3 - 1. Let l(d) = 2*d**2 + 71*d + 31. Let y = -257 + 222. Let n be l(y). Give i(n).
-2
Let a(f) = 23*f + 28*f - 5850 - f**2 - 41*f + 5830. Determine a(9).
-11
Let s(m) = -m**2 - 18*m - 23. Suppose -5*j = -4*h - 1 - 67, 2*j = -h - 4. Give s(h).
49
Let n(v) be the first derivative of v**4/4 + 5*v**3/3 - 5*v**2/2 - 13*v - 190. Calculate n(-6).
-19
Let f(u) = -u**3 + 4*u**2 - u - 2. Let n be f(2). Let h be (n + 16)/(-2) + -6 + 9. Let k(m) = m**2 + 5*m - 12. Calculate k(h).
2
Let x be (-4 + 0 + -1)*330/(-275). Let t(f) = -f**3 + 3*f**2 - 7*f + 14. Let v(a) = -a**3 + 4*a**2 - 8*a + 13. Let w(g) = 4*t(g) - 5*v(g). Give w(x).
-9
Let q(a) = -a**3 - 2*a**2 - 2. Let x(r) = 77*r - 1003. Let t be x(13). Determine q(t).
-2
Let s(l) be the first derivative of 175 - 8/3*l**3 + 0*l**2 - l. What is s(1)?
-9
Let n be 42/15*650/455. Let m(z) = -z**3 + 4*z**2 - 5*z + 4. What is m(n)?
-16
Suppose 0 = v - 3*c - 46, 0 = -5*v - 7*c + 4*c + 266. Suppose -8 = 2*t + 2*l, 2*t + 3*t + v = 3*l. Let u(h) = -h**3 - 7*h**2 + 8*h - 7. Determine u(t).
-7
Let d(b) be the second derivative of b**5/20 - b**4/3 - b**3/2 + 2*b**2 - b. Suppose -6*o = -284 + 2. Suppose 30 = o*x - 158. Give d(x).
-8
Let a(f) = 2*f**2 + 12*f + 8. Let d = -11985 + 11977. What is a(d)?
40
Suppose -18*q = -4*q + 31*q. Let k(f) = 13*f**2 + 11*f + 17. Let a(o) = 7*o**2 + 6*o + 9. Let l(m) = 11*a(m) - 6*k(m). Give l(q).
-3
Let h(j) = 4*j**2 - 3*j**2 - 37 + 82 - 5 + 6*j - 30*j. Determine h(22).
-4
Let b(v) = -89*v + 2493. Let g be b(28). Let i(q) = 2*q**2 + 5*q - 3. Calculate i(g).
4
Let u(m) = -3*m - 35. Let x(f) = 2*f + 33. Let y(z) = 6*u(z) + 7*x(z). Give y(4).
5
Let i(u) = -2*u + 4*u - u**2 + 5 + 3*u. Let l be (-199 - -7)/(-8) - 6. Suppose 0 = -c + 4*q - 13, -5*c + 2 = -3*q - l. What is i(c)?
-9
Let f = -19 + 21. Let m be 1 - (-4)/3 - (-7)/(-21). Let n(x) = 3*x**m + f*x + 9 - x**3 - 13 + x. Give n(3).
5
Let t be (0*15/(-165))/8. Let o(r) = -r**3 - r**2 - 6. Calculate o(t).
-6
Let d(r) = -14*r + 4. Let g = 98 - 95. Let t(b) = -7*b + 3. Let m(p) = g*d(p) - 5*t(p). Give m(6).
-45
Let v(q) = -q**3 - q**2 - q + 23. Let k(d) = -5*d - 100. Let t = -109 + 89. Let x be k(t). Give v(x).
23
Let p(b) = b**2 + 4*b - 5. Let i be p(-5). Let m = i + 6. Let r(y) = -y**2 + 10*y - 19. Let g be r(m). Let o(c) = -c - 3. Determine o(g).
-8
Let a(w) be the first derivative of w**2 - 3*w - 1032. What is a(-13)?
-29
Let a = 145 + -129. Suppose 0 = -a*b + 95 + 1. Let i(c) = -c**3 + 5*c**2 + 6*c. Determine i(b).
0
Let s(b) be the first derivative of b**4/4 - 4*b**3/3 - 5*b**2/2 + 4*b + 1. Suppose -k - 3*z = -7, 5*k + 102*z = 99*z + 23. What is s(k)?
-16
Let h(j) = 4*j**2 + 2*j - 70. Let c(f) = -5*f**2 - 5*f + 83. Let b(p) = 3*c(p) + 4*h(p). Calculate b(8).
-23
Let g(b) = -b**2 + 8*b - 5. Let n(j) = j**2 - 3*j + 17. Let d be n(6). Let a = d + -33. Suppose -4*p - 4*c + 5 = 1, -a*c = -2*p + 22. What is g(p)?
7
Let y(d) = d + 6. Suppose -2*b - 3*b = -50. Suppose b*u + 101 = 21. Give y(u).
-2
Suppose 21 = 5*u - 9. Let n be ((-4)/u)/(6/27). Let v(j) = 2*j - 8. Let h(l) = 5*l - 23. Let x(d) = n*h(d) + 8*v(d). What is x(-8)?
-3
Let h(m) = m**3 + 3*m**2 - 6*m - 1. Let b be 18/4 - (-7)/14. Suppose -9 = -2*t - b*f, -2*t + 5*f = -0*t - 19. Suppose -5 = -t*v + 8*v. What is h(v)?
-21
Let s(o) = o**2 - o. Let w be (-36)/(-20) + -4 + (-84)/(-20). Suppose -4*f = w*f. Suppose f*k + 1 = q + k, 3*q = 4*k + 31. Give s(q).
20
Suppose r + 38 = 5*q, 0*q - 3*r = 4*q - 38. Suppose -3*c + 25 = -q*c. Let v(b) = b + 1. Give v(c).
-4
Suppose 12 = -4*c - 56. Let b(w) = 13*w**3 - 20*w**2 - 3*w + 14. Let o(m) = -4*m**3 + 7*m**2 + m - 5. Let d(x) = c*o(x) - 6*b(x). Give d(-1).
11
Let z(a) = -6*a + 7. Suppose -3*y - l = -2*y - 5, 0 = -3*y + 5*l - 9. Suppose y*f - 4*v + 23 = -3*f, -4*f = -3*v + 18. Let g be 9/6*1*(-10)/f. Calculate z(g).
-23
Let t = -37 - -57. Suppose 0 = -6*p + 11*p + 5*y - t, 5*p - 6*y = 64. Let z(x) = -x**3 + 8*x**2 + 5. What is z(p)?
5
Let l(s) = 4*s**3 - 2*s**2 - 2*s. Let b be 57/6*4 - (-42)/14. Suppose 35*c + 29 = -b. What is l(c)?
-36
Let j(g) = g**2 + 5*g - 8. Let i be (-15)/60*12 - 1. What is j(i)?
-12
Suppose 0*y - 2*y - d = -9, 5*d = 25. Let r(j) = -j**2 + 5*j - 1. Let s be r(y). Let h(q) = 1 - s*q**2 + 6*q**2 - q + 0*q**2 + 5*q**2. What is h(1)?
6
Let k(o) = -o**3 + 9*o**2 - 6*o - 11. Let m be (-4 - 0)/(41/(-82)). Determine k(m).
5
Let n(w) = -5*w + 8. Let i be n(0). Suppose d = -7*d + i. Let p(z) = -z**2 + z - 1. Give p(d).
-1
Let u(z) = -7*z**2 + 43*z - 6. Let h(n) = 8*n**2 - 43*n + 17. Let x(t) = -3*h(t) - 4*u(t). Give x(11).
-16
Let y(j) be the first derivative of -57 - 8*j - 1/2*j**2. What is y(-8)?
0
Let w(t) = 16*t**2 - 10*t - 14. Let u(o) = 5*o**2 - 7. Let h(c) = 3*u(c) - w(c). What is h(9)?
2
Let i(y) = -y**3 + y**2 - 2*y + 2. Let z be i(2). Let o(h) = -2*h - 20. Let n be o(-11). Let t(u) = -10 + 14 - n*u**2 + u**2 - 5*u. Calculate t(z).
-2
Let y(r) = r**2 - 3. Suppose 4*j - 77 + 41 = 0. Let p(z) = -z**3 + 9*z**2 - 3*z + 31. Let l be p(j). Calculate y(l).
13
Let i(q) be the first derivative of -1/3*q**3 - 53 + 3*q**2 - 4*q. Calculate i(7).
-11
Suppose -k - 10 = -3*h, -h + 14 = 3*k + h. Let c be (3/24*-2)/(k/(-16)). Let i(t) = -4*t**c - 2*t + 9*t - t**3 - 6*t. Give i(-4).
-4
Let n(r) be the second derivative of r**6/360 + r**5/30 + r**4/6 + 38*r**3/3 + 8*r + 7. Let j(h) be the second derivative of n(h). Give j(-4).
4
Let h(b) = -3*b + 20. Let w(l) = -2*l + 25. Let u(d) = d**3 - 11*d**2 + 13*d - 34. Let v be u(10). Let f(k) = v*w(k) + 5*h(k). Calculate f(-2).
14
Let f = 5169 - 5164. Let v(u) = u**3 - 6*u**2 + 6*u - 1. Determine v(f).
4
Let q(n) = 75*n**2 - 4*n + 30. Let z(p) = -34*p**2 + 2*p - 14. Let a(u) = -5*q(u) - 11*z(u). Let w be 6/9 - 76/6. Let j be (-2)/(-8) - (-5